{"id":1165,"date":"2025-06-12T12:10:07","date_gmt":"2025-06-12T15:10:07","guid":{"rendered":"https:\/\/www.osjomn.com.ar\/?page_id=1165"},"modified":"2025-06-12T12:26:03","modified_gmt":"2025-06-12T15:26:03","slug":"recetas-electronicas","status":"publish","type":"page","link":"https:\/\/www.osjomn.com.ar\/index.php\/recetas-electronicas\/","title":{"rendered":"RECETAS ELECTRONICAS"},"content":{"rendered":"\n<h2 class=\"wp-block-heading\"><\/h2>\n\n\n\n<h2 class=\"wp-block-heading has-text-align-center\">RECETAS ELECTRONICAS<\/h2>\n\n\n\n<p class=\"has-text-align-center\">La receta electr\u00f3nica es obligatoria en Argentina para indicar medicamentos,.<br>estudios y tratamientos.<\/p>\n\n\n\n<p class=\"has-text-align-center\">El m\u00e9dico tratante la confecciona y se la puede enviar por mail o Whats App y<br>usar directamente desde su celular, sin necesidad de papel, aunque en casos<br>especiales se puede pedir impresa.<\/p>\n\n\n\n<p class=\"has-text-align-center\">Su implementaci\u00f3n mejora la seguridad, evita errores y permite controlar m\u00e1s<br>eficientemente el uso de los medicamentos<\/p>\n\n\n\n<p class=\"has-text-align-center\">Incluye datos del profesional, del paciente, del medicamento y lleva firma digital.<\/p>\n\n\n\n<p class=\"has-text-align-center\">Las farmacias y centros autorizados son los \u00fanicos que pueden acceder a la<br>receta para garantizar la privacidad<\/p>\n\n\n\n<p class=\"has-text-align-center\">La validez de las recetas son de 30 dias para los medicamentos, para los<br>estudios o pr\u00e1cticas m\u00e9dicas hasta 60 dias y para los medicamentos cr\u00f3nicos<\/p>\n\n\n\n<p class=\"has-text-align-center\">hasta 90 dias<\/p>\n\n\n\n<p class=\"has-text-align-center\">En aquellos lugares con acceso limitado a internet usted puede solicitar las<br>recetas manuscritas.<\/p>\n\n\n\n<p class=\"has-text-align-center\">Ante cualquier inconveniente con la implementaci\u00f3n de este nuevo sistema no<br>dude en contactarse con nosotros.<\/p>\n\n\n\n<h2 class=\"wp-block-heading\"><\/h2>\n\n\n\n<p><\/p>\n","protected":false},"excerpt":{"rendered":"<p>RECETAS ELECTRONICAS La receta electr\u00f3nica es obligatoria en Argentina para indicar medicamentos,.estudios y tratamientos. El m\u00e9dico tratante la confecciona y se la puede enviar por mail o Whats App yusar directamente desde su celular, sin necesidad de papel, aunque en casosespeciales se puede pedir impresa. Su implementaci\u00f3n mejora la seguridad, evita errores y permite controlar [&hellip;]<\/p>\n","protected":false},"author":1,"featured_media":0,"parent":0,"menu_order":0,"comment_status":"closed","ping_status":"closed","template":"","meta":{"_uag_custom_page_level_css":"","site-sidebar-layout":"default","site-content-layout":"","ast-site-content-layout":"","site-content-style":"default","site-sidebar-style":"default","ast-global-header-display":"","ast-banner-title-visibility":"","ast-main-header-display":"","ast-hfb-above-header-display":"","ast-hfb-below-header-display":"","ast-hfb-mobile-header-display":"","site-post-title":"disabled","ast-breadcrumbs-content":"","ast-featured-img":"","footer-sml-layout":"","theme-transparent-header-meta":"","adv-header-id-meta":"","stick-header-meta":"","header-above-stick-meta":"","header-main-stick-meta":"","header-below-stick-meta":"","astra-migrate-meta-layouts":"default","ast-page-background-enabled":"default","ast-page-background-meta":{"desktop":{"background-color":"var(--ast-global-color-4)","background-image":"","background-repeat":"repeat","background-position":"center center","background-size":"auto","background-attachment":"scroll","background-type":"","background-media":"","overlay-type":"","overlay-color":"","overlay-opacity":"","overlay-gradient":""},"tablet":{"background-color":"","background-image":"","background-repeat":"repeat","background-position":"center center","background-size":"auto","background-attachment":"scroll","background-type":"","background-media":"","overlay-type":"","overlay-color":"","overlay-opacity":"","overlay-gradient":""},"mobile":{"background-color":"","background-image":"","background-repeat":"repeat","background-position":"center center","background-size":"auto","background-attachment":"scroll","background-type":"","background-media":"","overlay-type":"","overlay-color":"","overlay-opacity":"","overlay-gradient":""}},"ast-content-background-meta":{"desktop":{"background-color":"var(--ast-global-color-5)","background-image":"","background-repeat":"repeat","background-position":"center center","background-size":"auto","background-attachment":"scroll","background-type":"","background-media":"","overlay-type":"","overlay-color":"","overlay-opacity":"","overlay-gradient":""},"tablet":{"background-color":"var(--ast-global-color-5)","background-image":"","background-repeat":"repeat","background-position":"center center","background-size":"auto","background-attachment":"scroll","background-type":"","background-media":"","overlay-type":"","overlay-color":"","overlay-opacity":"","overlay-gradient":""},"mobile":{"background-color":"var(--ast-global-color-5)","background-image":"","background-repeat":"repeat","background-position":"center center","background-size":"auto","background-attachment":"scroll","background-type":"","background-media":"","overlay-type":"","overlay-color":"","overlay-opacity":"","overlay-gradient":""}},"_kadence_starter_templates_imported_post":false,"footnotes":""},"class_list":["post-1165","page","type-page","status-publish","hentry"],"uagb_featured_image_src":{"full":false,"thumbnail":false,"medium":false,"medium_large":false,"large":false,"1536x1536":false,"2048x2048":false},"uagb_author_info":{"display_name":"osjomn","author_link":"https:\/\/www.osjomn.com.ar\/index.php\/author\/osjomn\/"},"uagb_comment_info":0,"uagb_excerpt":"RECETAS ELECTRONICAS La receta electr\u00f3nica es obligatoria en Argentina para indicar medicamentos,.estudios y tratamientos. El m\u00e9dico tratante la confecciona y se la puede enviar por mail o Whats App yusar directamente desde su celular, sin necesidad de papel, aunque en casosespeciales se puede pedir impresa. Su implementaci\u00f3n mejora la seguridad, evita errores y permite controlar&hellip;","_links":{"self":[{"href":"https:\/\/www.osjomn.com.ar\/index.php\/wp-json\/wp\/v2\/pages\/1165","targetHints":{"allow":["GET"]}}],"collection":[{"href":"https:\/\/www.osjomn.com.ar\/index.php\/wp-json\/wp\/v2\/pages"}],"about":[{"href":"https:\/\/www.osjomn.com.ar\/index.php\/wp-json\/wp\/v2\/types\/page"}],"author":[{"embeddable":true,"href":"https:\/\/www.osjomn.com.ar\/index.php\/wp-json\/wp\/v2\/users\/1"}],"replies":[{"embeddable":true,"href":"https:\/\/www.osjomn.com.ar\/index.php\/wp-json\/wp\/v2\/comments?post=1165"}],"version-history":[{"count":4,"href":"https:\/\/www.osjomn.com.ar\/index.php\/wp-json\/wp\/v2\/pages\/1165\/revisions"}],"predecessor-version":[{"id":1172,"href":"https:\/\/www.osjomn.com.ar\/index.php\/wp-json\/wp\/v2\/pages\/1165\/revisions\/1172"}],"wp:attachment":[{"href":"https:\/\/www.osjomn.com.ar\/index.php\/wp-json\/wp\/v2\/media?parent=1165"}],"curies":[{"name":"wp","href":"https:\/\/api.w.org\/{rel}","templated":true}]}}