{"id":998,"date":"2023-12-11T19:12:26","date_gmt":"2023-12-11T19:12:26","guid":{"rendered":"http:\/\/192.168.34.12\/osjomn\/?page_id=998"},"modified":"2023-12-14T19:14:28","modified_gmt":"2023-12-14T22:14:28","slug":"salud-mental","status":"publish","type":"page","link":"https:\/\/www.osjomn.com.ar\/index.php\/salud-mental\/","title":{"rendered":"SALUD MENTAL"},"content":{"rendered":"\n<div class=\"wp-block-uagb-container uagb-block-f1ca2916 alignfull uagb-is-root-container\"><div class=\"uagb-container-inner-blocks-wrap\">\n<div class=\"wp-block-uagb-advanced-heading uagb-block-f84f831b\"><h2 class=\"uagb-heading-text\"><strong>SALUD MENTAL<\/strong><\/h2><div class=\"uagb-separator\"><\/div><\/div>\n\n\n\n<div class=\"wp-block-uagb-info-box uagb-block-7a8e61da uagb-infobox__content-wrap  uagb-infobox-icon-above-title uagb-infobox-image-valign-top\"><div class=\"uagb-ifb-content\"><div class=\"uagb-ifb-title-wrap\"><\/div><p class=\"uagb-ifb-desc\">Se asegura la cobertura prevista en la Ley N\u00b0 26.657 y en el decreto reglamentario N\u00ba 603\/2013, sin limitaciones en cuanto al n\u00famero de sesiones ni los d\u00edas de internaci\u00f3n. Esto incluye las modalidades de entrevista psiqui\u00e1trica, psicol\u00f3gica, psicopedagog\u00eda, psicoterapia individual, psicoterapia grupal, psicoterapia de familia y de pareja, psicodiagn\u00f3stico. En la internaci\u00f3n se cubrir\u00e1n patolog\u00edas agudas en las modalidades institucional u hospital de d\u00eda.<\/p><\/div><\/div>\n\n\n\n<div class=\"wp-block-uagb-info-box uagb-block-be19748f uagb-infobox__content-wrap  uagb-infobox-icon-above-title uagb-infobox-image-valign-top\"><div class=\"uagb-ifb-content\"><div class=\"uagb-ifb-title-wrap\"><h5 class=\"uagb-ifb-title\">EMERGENCIAS PSIQUIATRICAS<\/h5><\/div><p class=\"uagb-ifb-desc\">Se contactar\u00e1 con un especialista quien se encargar\u00e1 de coordinar y resolver su emergencia<\/p><\/div><\/div>\n\n\n\n<div class=\"wp-block-uagb-info-box uagb-block-4a4e9220 uagb-infobox__content-wrap  uagb-infobox-icon-above-title uagb-infobox-image-valign-top\"><div class=\"uagb-ifb-content\"><div class=\"uagb-ifb-title-wrap\"><h5 class=\"uagb-ifb-title\">Atenci\u00f3n Psiqui\u00e1trica:<\/h5><\/div><p class=\"uagb-ifb-desc\">Nuestra central de psiquiatr\u00eda y psicolog\u00eda est\u00e1 ideada como un sistema de atenci\u00f3n caracterizado por el alto nivel de eficiencia en el logro de los objetivos, en donde la base de la filosof\u00eda asistencial es la visi\u00f3n totalizadora de la persona, centrando por lo tanto en la familia el cuidado de la salud mental.<\/p><\/div><\/div>\n\n\n\n<div class=\"wp-block-uagb-info-box uagb-block-3e08e973 uagb-infobox__content-wrap  uagb-infobox-icon-above-title uagb-infobox-image-valign-top\"><div class=\"uagb-ifb-content\"><div class=\"uagb-ifb-title-wrap\"><h5 class=\"uagb-ifb-title\">Procedimiento:<\/h5><\/div><p class=\"uagb-ifb-desc\">Para acceder debe efectuar en forma telef\u00f3nica el pedido de consulta<br>Se le solicitaran una serie de datos que constituyen lo que se denomina pre entrevista y se asignara un turno para la entrevista de admisi\u00f3n<br>Cabe se\u00f1alar que la entrevista de orientaci\u00f3n o admisi\u00f3n es realizada por un equipo calificado que tambi\u00e9n participa del seguimiento<br>En el curso de la entrevista se definir\u00e1n los estudios complementarios, las indicaciones terap\u00e9uticas y el nombre de los profesionales que las llevar\u00e1n a cabo. Estos admisores eval\u00faan la terapia y el resultado final pudiendo intervenir en su desarrollo en caso de ser necesario.<\/p><\/div><\/div>\n<\/div><\/div>\n","protected":false},"excerpt":{"rendered":"<p>SALUD MENTAL<\/p>\n","protected":false},"author":1,"featured_media":0,"parent":0,"menu_order":0,"comment_status":"closed","ping_status":"closed","template":"","meta":{"_uag_custom_page_level_css":"","site-sidebar-layout":"default","site-content-layout":"","ast-site-content-layout":"","site-content-style":"default","site-sidebar-style":"default","ast-global-header-display":"","ast-banner-title-visibility":"","ast-main-header-display":"","ast-hfb-above-header-display":"","ast-hfb-below-header-display":"","ast-hfb-mobile-header-display":"","site-post-title":"disabled","ast-breadcrumbs-content":"","ast-featured-img":"","footer-sml-layout":"","theme-transparent-header-meta":"","adv-header-id-meta":"","stick-header-meta":"","header-above-stick-meta":"","header-main-stick-meta":"","header-below-stick-meta":"","astra-migrate-meta-layouts":"","ast-page-background-enabled":"default","ast-page-background-meta":{"desktop":{"background-color":"var(--ast-global-color-4)","background-image":"","background-repeat":"repeat","background-position":"center center","background-size":"auto","background-attachment":"scroll","background-type":"","background-media":"","overlay-type":"","overlay-color":"","overlay-opacity":"","overlay-gradient":""},"tablet":{"background-color":"","background-image":"","background-repeat":"repeat","background-position":"center center","background-size":"auto","background-attachment":"scroll","background-type":"","background-media":"","overlay-type":"","overlay-color":"","overlay-opacity":"","overlay-gradient":""},"mobile":{"background-color":"","background-image":"","background-repeat":"repeat","background-position":"center center","background-size":"auto","background-attachment":"scroll","background-type":"","background-media":"","overlay-type":"","overlay-color":"","overlay-opacity":"","overlay-gradient":""}},"ast-content-background-meta":{"desktop":{"background-color":"var(--ast-global-color-5)","background-image":"","background-repeat":"repeat","background-position":"center center","background-size":"auto","background-attachment":"scroll","background-type":"","background-media":"","overlay-type":"","overlay-color":"","overlay-opacity":"","overlay-gradient":""},"tablet":{"background-color":"var(--ast-global-color-5)","background-image":"","background-repeat":"repeat","background-position":"center center","background-size":"auto","background-attachment":"scroll","background-type":"","background-media":"","overlay-type":"","overlay-color":"","overlay-opacity":"","overlay-gradient":""},"mobile":{"background-color":"var(--ast-global-color-5)","background-image":"","background-repeat":"repeat","background-position":"center center","background-size":"auto","background-attachment":"scroll","background-type":"","background-media":"","overlay-type":"","overlay-color":"","overlay-opacity":"","overlay-gradient":""}},"_kadence_starter_templates_imported_post":false,"footnotes":""},"class_list":["post-998","page","type-page","status-publish","hentry"],"uagb_featured_image_src":{"full":false,"thumbnail":false,"medium":false,"medium_large":false,"large":false,"1536x1536":false,"2048x2048":false},"uagb_author_info":{"display_name":"osjomn","author_link":"https:\/\/www.osjomn.com.ar\/index.php\/author\/osjomn\/"},"uagb_comment_info":0,"uagb_excerpt":"SALUD MENTAL","_links":{"self":[{"href":"https:\/\/www.osjomn.com.ar\/index.php\/wp-json\/wp\/v2\/pages\/998","targetHints":{"allow":["GET"]}}],"collection":[{"href":"https:\/\/www.osjomn.com.ar\/index.php\/wp-json\/wp\/v2\/pages"}],"about":[{"href":"https:\/\/www.osjomn.com.ar\/index.php\/wp-json\/wp\/v2\/types\/page"}],"author":[{"embeddable":true,"href":"https:\/\/www.osjomn.com.ar\/index.php\/wp-json\/wp\/v2\/users\/1"}],"replies":[{"embeddable":true,"href":"https:\/\/www.osjomn.com.ar\/index.php\/wp-json\/wp\/v2\/comments?post=998"}],"version-history":[{"count":3,"href":"https:\/\/www.osjomn.com.ar\/index.php\/wp-json\/wp\/v2\/pages\/998\/revisions"}],"predecessor-version":[{"id":1143,"href":"https:\/\/www.osjomn.com.ar\/index.php\/wp-json\/wp\/v2\/pages\/998\/revisions\/1143"}],"wp:attachment":[{"href":"https:\/\/www.osjomn.com.ar\/index.php\/wp-json\/wp\/v2\/media?parent=998"}],"curies":[{"name":"wp","href":"https:\/\/api.w.org\/{rel}","templated":true}]}}